f 1559465 and 305?
305
Calculate the highest common divisor of 8632689 and 4563.
507
Calculate the highest common factor of 115 and 153065.
115
Calculate the highest common divisor of 195 and 39164346.
39
Calculate the greatest common factor of 109116789 and 7692.
1923
What is the highest common factor of 418673476 and 868?
124
Calculate the greatest common divisor of 7469 and 107677372.
1067
What is the greatest common factor of 19289588 and 316?
316
What is the highest common factor of 86167602 and 18?
18
Calculate the highest common divisor of 8987016 and 5304.
408
What is the greatest common divisor of 361456758 and 10270?
2054
What is the highest common divisor of 20186768 and 560?
112
Calculate the highest common factor of 315 and 166825125.
45
Calculate the highest common factor of 74917922 and 213.
71
What is the highest common divisor of 1142 and 44045798?
1142
What is the highest common factor of 63014 and 3270298?
1286
Calculate the greatest common divisor of 1577186666 and 7988.
3994
What is the highest common factor of 2131152 and 7656?
696
Calculate the highest common divisor of 154 and 55111903.
77
Calculate the highest common factor of 23770 and 730.
10
What is the greatest common factor of 455886 and 1197722?
1634
What is the highest common factor of 623 and 8755553?
89
What is the greatest common factor of 1260 and 25240950?
630
Calculate the highest common factor of 4422 and 207499.
67
What is the highest common divisor of 317065 and 63770?
35
Calculate the greatest common divisor of 7916090 and 18655.
455
What is the greatest common factor of 1636548 and 1596?
12
What is the highest common divisor of 15936957 and 9?
9
What is the greatest common divisor of 6359808 and 252448?
1568
What is the greatest common factor of 8244759 and 3?
3
Calculate the highest common factor of 12864 and 20895936.
192
What is the greatest common factor of 329135 and 315?
5
What is the greatest common divisor of 121983 and 540273?
219
What is the greatest common divisor of 2038708 and 4046?
238
What is the highest common divisor of 1073523 and 9?
3
Calculate the highest common factor of 2964 and 627358264.
988
Calculate the highest common divisor of 8360 and 164211300.
4180
What is the greatest common factor of 49447826 and 1814?
1814
What is the highest common divisor of 24 and 1333364?
4
Calculate the highest common factor of 23 and 15226299.
23
What is the highest common factor of 4602511 and 244?
61
What is the highest common factor of 279640498 and 1563?
521
Calculate the highest common factor of 27740 and 215460.
380
What is the highest common factor of 11 and 197957144?
11
What is the greatest common divisor of 19712 and 1003772?
308
Calculate the greatest common divisor of 5430 and 866435778.
1086
Calculate the greatest common divisor of 29245996 and 17300.
692
Calculate the highest common divisor of 4118115 and 60.
15
What is the highest common factor of 1307 and 40250372?
1307
Calculate the highest common factor of 696 and 480994.
58
Calculate the greatest common divisor of 67 and 36591983.
67
What is the greatest common factor of 21471716 and 1421?
203
Calculate the greatest common divisor of 89862 and 46614.
102
Calculate the greatest common divisor of 34236603 and 18.
9
What is the highest common factor of 270988 and 14948?
148
What is the greatest common factor of 831334 and 39151?
833
Calculate the greatest common factor of 1378 and 152587318.
1378
Calculate the greatest common divisor of 284 and 1894777.
71
Calculate the greatest common divisor of 2662 and 6744177.
1331
What is the highest common divisor of 28087059 and 183911?
4277
Calculate the highest common factor of 721235306 and 3652.
1826
Calculate the greatest common divisor of 363 and 8190127.
121
What is the highest common factor of 1775346 and 254134?
898
What is the highest common divisor of 336 and 1038345?
21
What is the highest common factor of 63 and 3696483?
21
What is the highest common divisor of 6783 and 188921?
17
Calculate the highest common divisor of 1262019 and 1221.
33
Calculate the greatest common divisor of 12519 and 10105615.
1391
Calculate the highest common divisor of 69494800 and 21300.
7100
What is the greatest common factor of 98 and 48826246?
98
What is the highest common divisor of 4027548 and 357?
21
What is the highest common divisor of 16 and 295209176?
8
Calculate the highest common divisor of 34099 and 73697.
13
What is the highest common divisor of 957157 and 354?
59
Calculate the greatest common factor of 72 and 513344.
8
Calculate the highest common factor of 58244368 and 9156.
3052
What is the highest common factor of 69973695 and 71?
71
Calculate the highest common divisor of 98 and 109982117.
49
What is the highest common divisor of 1744 and 16793521?
109
What is the greatest common factor of 1255 and 29845?
5
Calculate the greatest common divisor of 4 and 42088756.
4
Calculate the greatest common factor of 3168 and 2392456.
88
Calculate the greatest common factor of 12124660 and 361.
19
Calculate the highest common divisor of 5018 and 5336450.
386
Calculate the greatest common divisor of 22016 and 67176.
8
Calculate the highest common divisor of 1743 and 6426.
21
Calculate the highest common factor of 256787322 and 2046.
2046
Calculate the highest common factor of 87278 and 4681.
151
Calculate the greatest common factor of 9977 and 100648883.
907
Calculate the greatest common divisor of 76 and 3306741.
19
Calculate the highest common factor of 1908 and 350442.
18
What is the greatest common divisor of 82356959 and 17?
17
Calculate the highest common factor of 1862562 and 4758.
78
What is the greatest common factor of 28136945 and 355?
355
Calculate the highest common divisor of 1504 and 2927536.
752
Calculate the highest common divisor of 282893 and 3055.
611
What is the highest common factor of 3526 and 1507?
1
Calculate the highest common factor of 126666 and 384538.
454
Calculate the highest common factor of 15360 and 75552.
96
What is the highest common factor of 14706 and 1526328?
774
Calculate the greatest common divisor of 2240 and 636370.
70
What is the greatest common divisor of 609546 and 368046?
966
What is the greatest common divisor of 4745 and 948935?
65
What is the highest common factor of 44760 and 106170?
30
Calculate the greatest common divisor of 7306 and 2338482.
562
Calculate the greatest common divisor of 38208 and 16448.
64
Calculate the highest common divisor of 1365 and 3797150.
35
What is the greatest common factor of 12348 and 1239651?
441
What is the highest common factor of 15037932 and 1092?
1092
What is the highest common factor of 120 and 18868110?
30
Calculate the highest common divisor of 10257 and 266136.
39
What is the highest common factor of 7727212 and 6524?
932
Calculate the highest common divisor of 1806 and 75962166.
1806
What is the highest common divisor of 25845312 and 4540?
908
What is the highest common factor of 6 and 66177438?
6
What is the highest common factor of 172658969 and 7?
7
Calculate the greatest common factor of 1386 and 138463542.
126
What is the highest common divisor of 168 and 515679416?
56
What is the greatest common factor of 2510310 and 183810?
330
Calculate the greatest common divisor of 45156 and 1316979.
213
Calculate the highest common factor of 384275 and 684.
19
Calculate the greatest common divisor of 41344880 and 80.
80
Calculate the greatest common factor of 66823 and 2356.
19
Calculate the highest common divisor of 554239 and 10486.
49
What is the greatest common factor of 3153784 and 36?
4
Calculate the highest common factor of 6012 and 27800156.
668
What is the highest common divisor of 114342 and 2125?
17
Calculate the highest common factor of 18928 and 21375172.
364
What is the highest common factor of 516972 and 67?
67
What is the highest common divisor of 7083828 and 4833?
27
Calculate the greatest common factor of 3444 and 175756.
28
Calculate the highest common factor of 8199 and 17109.
9
What is the greatest common factor of 65 and 14132105?
65
Calculate the greatest common factor of 24 and 993202096.
8
Calculate the highest common factor of 637 and 8575177.
13
Calculate the greatest common factor of 4806 and 37805598.
1602
Calculate the highes